t j = g - m. Is j prime?
False
Let r(v) = 13596*v + 1963. Is r(50) prime?
True
Let w be 0*((-3)/(-12))/((-9)/36). Suppose -5*u - 5*u + 35930 = w. Is u a composite number?
False
Let y(i) = i - 7. Let s be y(6). Let d(h) = 2478*h**2 + h + 1. Let n be d(s). Let k = n - 1331. Is k a composite number?
True
Suppose 4*f = 4*l + 32, -f + 0*l = -2*l - 12. Let o(v) = 22*v**3 + v**2 - 6*v + 5. Let i be o(f). Suppose -303 = -4*b + i. Is b a composite number?
True
Let s = 46782 - -6088. Let v = s + -36549. Is v a prime number?
False
Let g(v) = 844*v + 185. Let i(p) = 5*p - 12. Let u be i(7). Is g(u) prime?
True
Let c(q) = 2*q**3 + 98*q**2 + 2*q + 94. Let v be c(-49). Let m(h) = -135*h + 17. Is m(v) a prime number?
True
Let d(n) = -4*n. Let r be d(-1). Suppose -5*p - 2*m + 8387 = m, 5*p = r*m + 8359. Suppose 3*z + f = p, 3*z - 1659 = -0*z + 3*f. Is z prime?
True
Let r(m) = 3*m + 13. Let z(a) = a - 1. Let p(l) = -r(l) + 4*z(l). Let c be p(19). Suppose 2*b = 2*n - 3604, n - c*b - 590 = 1217. Is n a composite number?
True
Let v(m) = -2*m**2. Let f(u) = 2*u**2 + 17*u - 140. Let r(g) = f(g) - 2*v(g). Is r(-21) composite?
True
Is 1/((-6)/(-9))*(0 + 133264/24) composite?
False
Let v(r) be the second derivative of 103*r**3/2 - 73*r**2/2 + 40*r - 2. Is v(10) composite?
True
Is (-1785216)/(-48) - (0 - -3) prime?
True
Let k(t) = -14*t + 81*t**2 + 150*t**2 + 32*t + 59. Is k(-4) a prime number?
False
Let n(j) = -j**3 + 4*j**2 - 36*j + 1301. Is n(-50) a prime number?
True
Let y(h) = h**2 - 5*h - 21. Let b = 109 + -112. Let c be y(b). Is 3779*-3*(-1)/c a composite number?
False
Let b(h) = 12*h - 44. Let m(z) = -4*z**2 - 16*z - 7. Let f be m(-3). Let s be b(f). Suppose 10216 = -8*g + s*g. Is g a composite number?
False
Let j(q) = -q - 1. Let h be j(-1). Suppose 2*m - 1030 = 2*a - 2630, h = 5*a - 2*m - 3991. Is a composite?
False
Suppose -q - 389 = 2*h + 1366, -1761 = q + 5*h. Let w = -900 - q. Is w a prime number?
False
Suppose 44*b + 3147871 = 4083895 + 9747484. Is b a composite number?
False
Suppose 5*n = 4*i - 5345001, 5*n - 1124220 - 212074 = -i. Is i composite?
True
Suppose c = 2*g + 16, -13 = -2*c + 5*g + 15. Suppose 0 = o + 3*o - c. Suppose v - o*v + 6820 = 5*i, 5*i + 3*v - 6814 = 0. Is i a composite number?
False
Let a(y) = y**2 - 12*y**3 - 26*y**3 + 0*y + 3*y + 5. Let t(j) = j**2 - 11*j + 28. Let o be t(6). Is a(o) a prime number?
True
Suppose 12 + 3 = -w. Let v = w + 15. Suppose v = 2*g + q - 601, 7*g - 5*g - 5*q = 583. Is g a prime number?
False
Let n(v) = 20*v**2 + 4*v. Let r be 2*2*(-4)/24*-9. Let s be n(r). Suppose 4*l - s = -y, 2*l + 5*y = -0*l + 354. Is l composite?
True
Let u = -27552 - -46114. Let q = u - 6047. Is q a prime number?
False
Suppose -4666440 - 8411594 = -61*z. Is z composite?
True
Suppose k = -4*x - 23, 0*x - x = -3*k - 56. Is (k - -15) + 385/1 composite?
True
Suppose 4890262 = 116*b + 45*b + 93*b. Is b a composite number?
True
Let i(s) = -15453*s + 40. Is i(-5) a prime number?
False
Let f = -66 + 42. Let z = f + 29. Suppose -4*q - 887 = -z*q. Is q a prime number?
True
Suppose l = 3*u - 0*u + 2647, 4*l - u = 10566. Suppose 3*n - 11 = 7. Suppose q = n*q + 3*x - l, 2637 = 5*q + x. Is q a prime number?
False
Suppose 0 = -22*g + 21*g + 14568. Let m = -6619 + g. Is m composite?
False
Suppose 148560 = 15*a - 0*a. Let f = a - 4898. Is f prime?
False
Is (-5 + 4)*(60/(-5) - 162767) a composite number?
False
Suppose -56*w + 103 = -177. Suppose -61*x - 26196 = -4*g - 63*x, -3*g = -w*x - 19621. Is g prime?
True
Let j(s) = 5*s - 24. Let y be j(5). Let b be (16 - 15) + y + 2. Suppose -a + 2048 = 5*o, -4*o + a + 1621 = -b*a. Is o a composite number?
False
Is (-2)/(22/(-77005)) - 41/(4059/(-54)) composite?
False
Let o be (-16)/(-14)*(-42)/(-12). Suppose 34 = o*c + 5*s, 5*c + 4*s - 8 = 39. Suppose -1729 = c*a - 18*a. Is a a prime number?
False
Let c(q) = 3*q**3 - 18*q**2 - 13*q - 35. Let k = 144 + -130. Is c(k) a prime number?
False
Let n(o) = 5625*o - 689. Is n(8) composite?
True
Let c(b) = 97610*b - 807. Is c(1) a prime number?
False
Let b(c) = 121*c**2 - 40*c - 3175. Is b(86) composite?
True
Let q = 91078 + 9135. Is q a prime number?
True
Let o(r) = r**3 + r**2 + r + 3. Let f be o(0). Suppose -f*j + 55 = 43. Is (j/(-12) + 0)/(3/(-4059)) a composite number?
True
Suppose -5*w + 3062 = 11077. Suppose -923 = q - 191. Let b = q - w. Is b a composite number?
True
Suppose -4*j + 9 - 1 = 5*h, 2*j - h - 4 = 0. Suppose -3*d + 2*f + j = -0*f, 4*d + 5*f - 41 = 0. Let p(c) = 2*c**3 - 6*c**2 + c + 1. Is p(d) a composite number?
False
Let w = -20 - -22. Suppose -18390 = -w*t - 94. Let q = t + -3791. Is q prime?
False
Let q be (-3)/((15/19100)/((-8)/(-10))). Let a = 1822 - q. Suppose 1261 = 7*t - a. Is t prime?
True
Suppose g + 2*y = -7, -19 = -4*g + 3*y + 8. Suppose 26 = 4*j - 5*d + 3*d, -g*j - d = -7. Suppose j*t - 3*x = 1021, x + 772 = 3*t - 0*x. Is t a composite number?
True
Let w = -215302 - -314301. Is w a prime number?
True
Let k(g) = g**2 - 30*g - 64. Let z be k(32). Suppose z = c - 6*c + 4*n - 96, 4*c + 5*n = -44. Is 1/4 - (-23622)/c*-2 a composite number?
False
Suppose -8*i - 3*i - 385572 + 1577345 = 0. Is i composite?
False
Let a = 54 - 54. Suppose -5*u + 3*m + 22 = -a*u, 3*u - 4*m - 11 = 0. Suppose 0*s = -u*s + 6995. Is s prime?
True
Let z be (4/(-6))/(28/21)*-14. Suppose -150 = 2*g - z*g. Let h = g + 161. Is h prime?
True
Suppose 0 = 3*u + 3*d - 102458 - 192034, -d = -2*u + 196337. Is u composite?
True
Let r(y) = y**2 - 8*y + 7. Suppose 2*g = 6 + 8. Let w be r(g). Suppose w = 28*v - 33*v + 5305. Is v prime?
True
Suppose 6152*a - 6134*a - 1723554 = 0. Is a prime?
False
Is (-25869)/6*(-110)/55 a composite number?
False
Let i = -40 - -63. Let s(z) be the second derivative of z**5/20 - 5*z**4/3 + 13*z**3/3 - 12*z**2 + 2073*z. Is s(i) a prime number?
True
Suppose -3*g + 623 = 14*f - 13*f, -20 = -4*f. Let o = 1437 - g. Is o a prime number?
True
Let w(t) = t**3 + t**2 - 111*t - 1. Let p be w(-11). Suppose p*c - 15*c - 21732 = -h, -2*h - 2*c + 43452 = 0. Is h a prime number?
True
Suppose -60374 = -27*z + 84805. Is (2/((-4)/z) - 2)*-2 a composite number?
False
Suppose 0 = 4*l + c - 3238, -c + 806 = l + c. Let f = l + -474. Let z = f - 142. Is z a composite number?
True
Suppose -22*p - 3*p - 58*p + 13122881 = 0. Is p a prime number?
False
Is 36949016/58 + 2*65/(-10) a prime number?
False
Let a = 8 - 7. Let v be ((-38)/(-6) - 3)*(a + 2). Suppose v*y = 3*y + 4487. Is y prime?
True
Suppose 0 = -5*z - 2*t - 6414, 4*z + 2*t + 3477 = -1655. Suppose 0 = 5*m - b - 9857, 4*m - 2*b + 0*b = 7888. Let w = z + m. Is w a prime number?
False
Suppose 2*g - 8*m - 858996 = -10*m, -g + 429492 = -5*m. Is g a prime number?
True
Let j = 25 - 88. Let o = j - -13495. Suppose -q = -3*n - 2*n + 16770, 4*q + o = 4*n. Is n composite?
True
Suppose -t + 1 = 4, -4*v + 3*t + 21 = 0. Let s = v - 0. Suppose -1720 = -2*c - 5*w, s*w - 8*w = 10. Is c prime?
False
Let q(t) = -t**2 - 2*t + 1123. Is q(0) a prime number?
True
Suppose 372*x = 338*x + 3276818. Is x a prime number?
True
Let g(m) = -135*m**3 - 11*m**2 - 19*m + 118. Is g(-15) a composite number?
False
Let r = -312 + 316. Is (-3)/4 - (-10 + (-108919)/r) a composite number?
False
Suppose 104 - 2329 = -y. Suppose -3*p - 2*b = -y, 2*b + b - 1490 = -2*p. Suppose 0*a + p = a. Is a composite?
False
Let m(i) = 1915*i**3 + 2*i**2 - 4*i + 2. Let t be (7 - 1) + 4 + -9. Is m(t) prime?
False
Let k(y) = -18*y - 333. Let g be k(-19). Suppose -g*p = -30*p + 178311. Is p a composite number?
True
Let z = -5685 - -3859. Let c = -1117 - z. Is c a prime number?
True
Let i = -133 + 133. Is (75/9 + -8)*(i + 10059) a composite number?
True
Suppose 0 = 3*d + 3*y - 636, -d + 5*y - 850 = -5*d. Let r be 6/3 + -1 + d. Suppose -3*a = -1460 - r. Is a prime?
True
Let i(g) = g**3 + 12*g**2 - 3*g - 15. Let w be i(-12). Let r(m) = w - 10*m**2 - 15 + 18*m**2 - 12*m. Is r(11) prime?
False
Let h(b) = b**3 - b**2 + 29*b + 54869. Is h(0) composite?
False
Let g(m) = -20*m**3 - 22*m**2 + m - 16. Is g(-13) prime?
True
Suppose a - 9976 = -5*u, 6*a - 29980 = 3*a - 2*u. Suppose p = 5*v - 12471, -2*v - 2*v + a = 4*p. Is v a prime number?
False
Suppose -4804 = -8*r + 6*r. Let y = 5103 - r. Suppose d + 506 = y. Is d prime?
False
Let j(r) = 3*r**3 + r**2 - 19*r - 16. Let i = 15 + 0. Let y be